s the greatest common divisor of 399360 and 300?
60
What is the greatest common divisor of 88 and 49346?
22
Calculate the highest common factor of 28 and 48244.
28
What is the greatest common factor of 299 and 27677?
13
What is the highest common factor of 2393 and 3?
1
What is the greatest common divisor of 197 and 769285?
197
What is the greatest common factor of 1766 and 1086973?
883
Calculate the greatest common divisor of 1925 and 994.
7
Calculate the highest common divisor of 341718 and 273.
39
Calculate the greatest common divisor of 108 and 67074.
6
What is the greatest common divisor of 216 and 3053304?
72
Calculate the greatest common divisor of 27 and 1974519.
9
What is the greatest common factor of 561 and 813?
3
Calculate the greatest common factor of 984 and 144.
24
Calculate the highest common divisor of 48 and 163596.
12
What is the highest common factor of 27839 and 2870?
287
Calculate the greatest common factor of 3010 and 65.
5
Calculate the highest common factor of 29596 and 4459.
49
Calculate the greatest common factor of 406 and 16733.
29
What is the greatest common divisor of 440 and 7445?
5
What is the greatest common factor of 16 and 53096?
8
Calculate the highest common factor of 1543158 and 306.
306
What is the greatest common divisor of 2105 and 205?
5
What is the greatest common factor of 384 and 82866?
6
Calculate the highest common divisor of 1032 and 14104.
344
Calculate the greatest common factor of 9399 and 1209.
39
Calculate the highest common factor of 170 and 292519.
17
What is the highest common factor of 5084 and 620?
124
What is the highest common factor of 1790 and 54774?
358
Calculate the highest common factor of 20664 and 28476.
252
What is the highest common divisor of 73 and 286890?
73
Calculate the greatest common factor of 3 and 71943.
3
Calculate the highest common factor of 768238 and 43.
43
Calculate the greatest common divisor of 1889779 and 251.
251
What is the highest common divisor of 388994 and 14133?
673
What is the greatest common divisor of 93 and 1501299?
93
What is the highest common divisor of 285062 and 46?
46
What is the highest common divisor of 79534 and 637?
91
Calculate the greatest common factor of 12988 and 23684.
764
What is the greatest common factor of 160 and 173088?
32
What is the highest common divisor of 5 and 17315?
5
What is the highest common divisor of 68891 and 2?
1
What is the greatest common divisor of 343 and 6629?
7
What is the greatest common divisor of 806408 and 8?
8
What is the greatest common divisor of 28773 and 20294?
139
Calculate the greatest common factor of 141 and 63403.
47
What is the greatest common factor of 5974 and 2842?
58
What is the greatest common factor of 34 and 4369?
17
What is the greatest common divisor of 35 and 18130?
35
Calculate the highest common divisor of 7423 and 63.
1
What is the highest common divisor of 149525 and 25?
25
Calculate the greatest common divisor of 2233 and 29261.
29
What is the highest common factor of 956 and 1342702?
478
What is the highest common divisor of 1722312 and 96?
24
What is the highest common divisor of 11983 and 299?
23
Calculate the highest common factor of 4984 and 952.
56
What is the greatest common divisor of 509763 and 1101?
1101
Calculate the greatest common divisor of 2297868 and 636.
636
What is the greatest common divisor of 106 and 6996742?
106
Calculate the greatest common factor of 180 and 32676.
12
Calculate the highest common divisor of 11881866 and 762.
762
What is the greatest common divisor of 102 and 7454364?
102
Calculate the greatest common divisor of 828 and 21132.
36
Calculate the greatest common divisor of 433 and 4763.
433
What is the greatest common divisor of 35 and 711515?
35
Calculate the highest common divisor of 1071483 and 111.
111
Calculate the greatest common divisor of 22896 and 9616.
16
What is the highest common factor of 6840 and 3838?
38
What is the highest common divisor of 159 and 149?
1
What is the greatest common factor of 100815 and 282?
141
What is the greatest common factor of 3278 and 9152?
22
Calculate the highest common factor of 462 and 288750.
462
What is the greatest common factor of 930276 and 36?
36
What is the highest common factor of 602 and 376551?
301
What is the highest common factor of 28 and 7196?
28
What is the greatest common factor of 8773352 and 784?
392
What is the greatest common divisor of 3111804 and 54?
54
What is the greatest common divisor of 3960 and 1395?
45
What is the greatest common divisor of 308 and 56826?
154
Calculate the greatest common divisor of 2754 and 5304.
102
What is the highest common factor of 457239 and 346?
173
What is the highest common divisor of 65621 and 20837?
311
What is the greatest common factor of 5733 and 67767?
147
What is the highest common factor of 15570 and 3600?
90
What is the greatest common factor of 218 and 505215?
109
Calculate the greatest common factor of 149029 and 142.
71
Calculate the highest common divisor of 2520 and 7070.
70
Calculate the greatest common divisor of 918564 and 1476.
492
Calculate the highest common factor of 4395 and 2265.
15
What is the highest common factor of 72126 and 18?
18
What is the highest common divisor of 108 and 8826?
6
What is the greatest common factor of 54 and 3833946?
54
Calculate the highest common factor of 132675 and 72285.
915
What is the greatest common factor of 4740 and 20940?
60
Calculate the highest common factor of 11158 and 208.
2
Calculate the greatest common divisor of 47772 and 2520.
36
Calculate the highest common factor of 204 and 43197.
51
Calculate the highest common factor of 560 and 114940.
140
Calculate the highest common divisor of 84078 and 873.
9
What is the highest common factor of 1065 and 337179?
213
What is the highest common divisor of 1408 and 33616?
176
What is the greatest common factor of 8875 and 500?
125
Calculate the highest common factor of 932 and 1703929.
233
What is the highest common divisor of 31809 and 552?
69
What is the highest common factor of 23733 and 3809?
293
Calculate the greatest common divisor of 6779 and 3.
1
Calculate the greatest common factor of 10358595 and 65.
65
Calculate the greatest common factor of 4 and 232304.
4
What is the greatest common divisor of 2480 and 44320?
80
Calculate the greatest common divisor of 321 and 678.
3
Calculate the greatest common factor of 1209376 and 8.
8
Calculate the greatest common factor of 7765 and 29507.
1553
What is the highest common factor of 2114 and 112?
14
What is the highest common divisor of 5022 and 248?
62
What is the highest common factor of 1386 and 3145296?
462
Calculate the highest common factor of 107318 and 46.
46
What is the greatest common factor of 8975 and 20375?
25
What is the highest common factor of 40 and 44740?
20
What is the greatest common factor of 892626 and 84?
42
What is the highest common factor of 89712 and 18?
18
What is the greatest common divisor of 47971 and 3026?
89
What is the greatest common factor of 747 and 89391?
249
What is the highest common factor of 6213 and 2289?
327
Calculate the greatest common factor of 135 and 1573389.
9
What is the highest common factor of 12 and 68877?
3
Calculate the highest common factor of 93465 and 360.
45
What is the highest common divisor of 3264 and 5568?
192
What is the highest common factor of 1625218 and 29?
29
What is the greatest common divisor of 55 and 4450281?
11
Calculate the greatest common divisor of 7992 and 518.
74
What is the greatest common divisor of 14120 and 1690?
10
What is the greatest common divisor of 1824 and 1280?
32
Calculate the greatest common factor of 10426 and 416.
26
Calculate the highest common factor of 6 and 346.
2
Calculate the greatest common factor of 285 and 1261410.
285
What is the greatest common factor of 36654 and 86718?
894
Calculate the greatest common divisor of 700 and 15500.
100
What is the greatest common divisor of 19304 and 988?
76
Calculate the highest common divisor of 1557142 and 274.
274
Calculate the highest common factor of 562879 and 92.
23
What is the greatest common divisor of 1991 and 8326?
181
What is the highest common divisor of 840933 and 45?
9
What is the highest common factor of 80 and 22580?
20
Calculate 